r when n is divided by 12.
9
Suppose z - 3*m = -1, -4*z - 2*m = -1 - 23. Suppose 5*h = -25, 3*h = -3*y + y + 237. What is the remainder when 28/y - (-338)/18 is divided by z?
4
Let b = 783 + -757. Calculate the remainder when 76 is divided by b.
24
Let s(x) = -x**3 - x**2 + 24. Suppose -2*j = -4*j - 6. Let u be (-1)/(1/j) + -3. Calculate the remainder when 46 is divided by s(u).
22
Suppose -l + 2 = -2. Suppose -c + l + 69 = 0. Suppose 3*d - 14 = c. Calculate the remainder when 57 is divided by d.
28
Let s = -3389 - -3514. Let x = 45 - 12. What is the remainder when s is divided by x?
26
Let k(t) = -3*t**3 - t**2 - 2*t - 4. Let h be k(-4). Suppose 0 = 5*a - 0*a - h. Let o = 52 - a. What is the remainder when 29 is divided by o?
13
Let d = -104 + 107. Let f = 4 + -2. What is the remainder when d is divided by f?
1
Suppose 4*j = -6 - 14. Let w = 33 + j. What is the remainder when w is divided by 5?
3
Suppose 97 = 3*w + s, 0*w - 3*s + 27 = w. What is the remainder when 259 is divided by w?
28
Let n be 283/2 - (-1 - 9/(-6)). Suppose 121 = 5*f - m, 2*f + 3*f - n = -4*m. Calculate the remainder when 74 is divided by f.
24
Suppose -y + 7*y = 36. Let f = 25 + y. What is the remainder when 120 is divided by f?
27
Suppose -5*s + m + 306 = 0, s - 37 = -4*m + 20. Suppose s = 3*h - 5*t, -4*h + 41 = -h + 5*t. What is the remainder when h is divided by 9?
8
Suppose 4*l - 5*p - 250 = 0, 78*l = 73*l + 5*p + 305. Let s = -49 + 77. Calculate the remainder when l is divided by s.
27
Let z(s) = 2*s**3 - 28*s**2 + 32*s - 62. What is the remainder when 301 is divided by z(13)?
13
What is the remainder when 24 is divided by (-23)/(-2) + (-13)/(-26)?
0
Suppose 5 = 3*s - 7. Suppose -s = f - 1, -2*f = 5*p - 229. Calculate the remainder when p is divided by 12.
11
Let g(j) be the first derivative of 7*j**2/2 + 4*j - 3. Calculate the remainder when 93 is divided by g(4).
29
Suppose -2*y - 320 = -3*n, 693*n = 696*n - 4*y - 316. Suppose 2*u - 92 = 50. Let p = 108 - u. What is the remainder when n is divided by p?
34
Let g = -80 - -138. Suppose 0 = -5*i + 210 + 30. Suppose -4*k = -0*k - 3*z - i, -2*k + 46 = 4*z. Calculate the remainder when g is divided by k.
13
Let y(z) = z + 1. Let l be y(-3). Let d be (-3)/l*(-140)/10. Calculate the remainder when 38 is divided by 2*(3 + d/(-6)).
12
Let v(n) = 8*n**2 + 2. Let u be v(-2). Let l be -170*3/18 - (-11)/33. Let g = u + l. What is the remainder when 9 is divided by g?
3
Suppose 7*d = 8*d - 5*x - 30, -4*d - x = -99. What is the remainder when 199 is divided by d?
24
Suppose 0 = 2*j - j - 4*o - 4276, 3*j + 4*o = 12876. What is the remainder when j is divided by 11?
9
Let n(f) = f**3 + 17*f**2 + 18*f + 36. Let y be n(-16). What is the remainder when y/8*-10 - -31 is divided by 8?
2
Suppose -14*o - 708 = -2038. Calculate the remainder when o is divided by 12.
11
Let k = -101 - -9. Let g = 10 - k. Calculate the remainder when g is divided by 15.
12
Let r = 46 + -25. Suppose 5*t - 4*f - 189 = 0, -9*t + 10*t = 3*f + 29. What is the remainder when t is divided by r?
20
What is the remainder when (0 + 2)/(-13 - (-3975)/305) is divided by 51?
10
Suppose 7*a - 374 = -4*a. Suppose -a = -2*c - 0. Calculate the remainder when 47 is divided by c.
13
Let a(h) = 28*h**2 + 16*h - 15. Calculate the remainder when a(1) is divided by 3.
2
Let k = -9 + 20. Suppose l - k = -3. Let m(c) = c - 2. Calculate the remainder when m(l) is divided by 4.
2
Let f = 44 - 16. Suppose -t + 3*d - 18 = -0*t, 4*t + f = d. Let m(n) = 2*n**2 + 7*n + 6. What is the remainder when m(t) is divided by 13?
10
Let d(n) = 136*n**2 + 5*n + 3. Calculate the remainder when d(-1) is divided by 25.
9
What is the remainder when 20 + -1 + -9*(-1)/9 is divided by 7?
6
Let y = -158 - -350. Suppose -y*a + 132 = -186*a. What is the remainder when 64 is divided by a?
20
Let r be -16 + 14 + (0 - 1) + -3. Calculate the remainder when 2*(-147)/r - 3 is divided by 4.
2
Suppose 13 - 33 = 4*h. Let o(p) = 57*p. Let q be o(h). What is the remainder when 73 is divided by 4/(-6)*q/10?
16
Let r = 427 - 106. What is the remainder when r is divided by 27?
24
Let n = 54 + -6. Calculate the remainder when n is divided by 25.
23
Let v = 1521 - 802. Calculate the remainder when v is divided by 80.
79
Let j(t) = -39*t - 94. What is the remainder when j(-5) is divided by 52?
49
Let r(h) be the second derivative of -7*h**3/6 - 35*h**2 - 2*h - 1. What is the remainder when 139 is divided by r(-14)?
27
Suppose 0 = -p + 4*w + 2, -4*p + w + 13 = 5. Suppose 5*q + 0*g + 50 = 5*g, -q = 2*g - p. What is the remainder when 23 is divided by (-28)/q + (-6)/9?
3
Let t = 34 - 34. Suppose 0 = -4*s - t*s + 28. Let m(a) = -a - 1. What is the remainder when m(-12) is divided by s?
4
Suppose -f = a - 59, 3*a - 185 = -2*f + f. Let j(d) = d**3 + 7*d**2 - 2*d + 5. What is the remainder when (-18)/a + (-527)/(-7) is divided by j(-7)?
18
Let j(c) = 2*c**2 - 6*c + 2. What is the remainder when 97 is divided by j(3)?
1
Let w(h) = 92*h**3 + h**2 - h - 1. Let a be w(-1). Suppose 3*g = -5*j - 10, -g + 19 + 1 = -3*j. What is the remainder when g is divided by 60/14 + 26/a?
1
Suppose i = 4*i + 4*p - 5, 5*p - 10 = -5*i. What is the remainder when 4 - -1 - (2 - 2) is divided by i?
2
Let f = -15 + 46. Let a = 78 - f. What is the remainder when a is divided by 25?
22
Suppose 5*j - 14 = 81. Let w = -897 + 904. Calculate the remainder when j is divided by w.
5
Suppose 7*c = 12*c - 45. Let z(v) = 2*v - 4. Let l(a) = -a**2 + 3*a + 4. Let b be l(3). Calculate the remainder when c is divided by z(b).
1
Let q(t) = 7*t + 250. Calculate the remainder when 121 is divided by q(-32).
17
Let l = -503 - -1273. Suppose h = -4*h + k + l, -154 = -h + 5*k. What is the remainder when h is divided by 31?
30
Let u = -131 - -201. Suppose u = r + r. Let t = 12 + r. Calculate the remainder when t is divided by 25.
22
Let n(j) = j**2 - 3*j + 5. Suppose 0 = 4*d + 16, -f = 3*f + d - 16. Calculate the remainder when (3 + -2)*(1 - -28) is divided by n(f).
14
Let n = -98 - -169. Calculate the remainder when n is divided by 20.
11
Let m(n) = n**2 - 3*n + 5. Let k(l) be the second derivative of l**3/6 - l**2 - 3*l. Let t be k(9). What is the remainder when m(t) is divided by 17?
16
Suppose 6*l - 12 = 12*l. Calculate the remainder when 16 is divided by ((-3)/l)/(5/20).
4
Let b = -43 - -108. Suppose 2*f + 20 = 150. Suppose -5*n + 0*m - 4*m + f = 0, n - 27 = 2*m. Calculate the remainder when b is divided by n.
14
Suppose -2*z = h - 77, 3*z + 3*h - 131 = -17. Suppose 42*f = z*f + 279. Calculate the remainder when f is divided by 16.
13
Let t(s) = -s**3 + 16*s**2 - 14*s + 11. What is the remainder when 45 is divided by t(15)?
19
Let q(v) = -168*v - 1. Let n(j) = 30*j - 258. Calculate the remainder when q(-1) is divided by n(10).
41
Let m be 52/(-4) + 2 + -1. Let s be (-20)/m + 2/6. Suppose 3*n - s*n = 14. Calculate the remainder when 53 is divided by n.
11
Suppose 4*v + 3*s = -s + 144, 3*v + 5*s - 100 = 0. Calculate the remainder when 78 is divided by v.
38
Suppose s = -8*s + 252. What is the remainder when 51 is divided by s?
23
Calculate the remainder when 351 is divided by 6/5 - 1 - 327/(-15).
21
Suppose -31 + 202 = 3*l. Let g = 77 - l. What is the remainder when g is divided by 12?
8
Suppose 260*i + 38 = 262*i. What is the remainder when i is divided by 5?
4
Let a(d) = d**3 + d**2 - d + 17. Let q = 16 + -17. What is the remainder when a(0) is divided by 9 - (0/q - -3)?
5
Let x = 151 - 134. Calculate the remainder when (1*33)/(-3)*-3 is divided by x.
16
Let u(b) be the first derivative of -9*b**2/2 + 28*b - 9. Calculate the remainder when u(-11) is divided by 32.
31
What is the remainder when 138 is divided by (5*1/15)/((-2)/(-126))?
12
Let u = -38 + 38. Suppose 3*h - 15 = -2*t, -h - 2*h + 15 = t. Suppose -h*p = 2*g - 75, -g + 3*p = -u*g - 10. What is the remainder when g is divided by 9?
7
What is the remainder when 202 is divided by 10/((-100)/(-510))*(3 - 2)?
49
Let o(n) = 26*n**2 + n - 2. Let b(d) = d + 9. Suppose u + 10 = 2. Let i be b(u). Calculate the remainder when 73 is divided by o(i).
23
Let x(b) = 10*b**2 + 18*b - 19. What is the remainder when 195 is divided by x(1)?
6
What is the remainder when 66 is divided by 200/5 - (10 - 4)?
32
Let x(o) = o**2 + 16*o + 